 -l*r - 141 = -7*r. What is the units digit of r?
7
Let z = -150 - -316. What is the units digit of z*(21/(-6) + 4)?
3
Let x = -52 + 59. What is the tens digit of 193/x + 8/(-14)?
2
Let p = 14 - 2. Suppose -7*q + p*q - 200 = 0. What is the units digit of q?
0
What is the thousands digit of (17/68)/(((-4)/4)/(-6348))?
1
Let z(t) = -t**2 + 7*t + 21. Let f be z(9). Suppose -f*o + 27 = 2*y, y - 3 = 2*y. What is the tens digit of -1 - 1 - (-1 - o)?
1
What is the tens digit of 2*(-63)/28*(-2 + -104)?
7
Let s be 1/((-4)/(-72)) - -4. Suppose 22 + 24 = q. Suppose s = 2*a - a + 2*g, q = 2*a + 2*g. What is the units digit of a?
4
Suppose -4*x = x + 35. Let o(d) = -d**3 - 4*d**2 + 17*d + 5. What is the tens digit of o(x)?
3
Suppose 5*u = -0*u + 10. Suppose -u*n = 5*c - 48, 4*n + 31 = 4*c - 13. What is the units digit of c?
0
Let u = 646 - 390. What is the hundreds digit of u?
2
Let m(j) = -j**3 + 23*j**2 - 20*j - 46. Let f be m(22). What is the units digit of 4*16 - f/(1 + 1)?
5
Let w(q) = 14*q**2 + q - 15. What is the hundreds digit of w(-6)?
4
Suppose 868 = 12*g - 10*g - 5*t, 2*g = -4*t + 832. What is the hundreds digit of g?
4
Let r(j) be the third derivative of -j**4/24 - 17*j**3/6 + 7*j**2. Let y be r(-8). What is the units digit of 166/6 + 6/y?
7
Let p(t) = t**3 - t**2. Let g be p(1). Suppose 0 = -g*k + 5*k - 20. Let r(h) = -h**2 + 9*h - 4. What is the tens digit of r(k)?
1
Let g(q) = -q + 10. Let o be g(10). Suppose 2*m + 12 - 176 = o. What is the units digit of m?
2
Let x(z) = 3*z**2 - 38*z - 9. What is the units digit of x(-8)?
7
Let n(p) = 394*p**2 + 13*p - 26. What is the tens digit of n(2)?
7
Let c = 8415 + -4397. Suppose -14*i + c = -294. What is the hundreds digit of i?
3
Let q be (-24)/6 + 0 + -2. Let n be q*(3/1 + -14). Let p = -47 + n. What is the units digit of p?
9
Suppose 15*t = -42 - 63. Let s(d) = -6*d - 24. What is the units digit of s(t)?
8
Let n = 1 + 15. Let g = n - 10. What is the units digit of g/3*(2 - 1)?
2
Let f be (-324)/1 + 0 + -1. Let x = 466 + f. What is the hundreds digit of x?
1
Suppose 3*p + 9652 = -24*m + 28*m, 5*m + 5*p - 12100 = 0. What is the units digit of m?
6
Suppose 0 = -3*h - 5*b + 998, 1342 = 12*h - 8*h + b. What is the units digit of h?
6
Suppose o - 11*h - 111 = -13*h, 3*h = 0. What is the tens digit of o?
1
Suppose 71 = 5*s - 54. Suppose -14*q = -9*q - s. What is the units digit of q?
5
Let d be (1 - 4)*(-4)/3. Let o(i) = -d*i**2 + 6*i**2 - 3 - 2*i + 10 - 4*i. What is the units digit of o(4)?
5
Let b = -4 - -10. Suppose 102 = 2*l - y + b*y, -88 = -2*l + 2*y. What is the units digit of l?
6
Let n = 45 + 92. Suppose -4*p + 109 = 5*q, 2*q = -3*q + 3*p + n. What is the tens digit of q?
2
Suppose 0 = 3*m - 5*d - 50, 4*m + 2*d = 2*m + 28. Suppose -5*x + m = -4*x. What is the units digit of x?
5
Let b be (-17)/(1/2*-1). Suppose -l + 35 = 4*p, 0 = 5*p - 2*l - 0*l - b. What is the units digit of p?
8
Let v = 292 + 1456. What is the thousands digit of v?
1
Suppose -5*s - 476 = -12*s. Suppose -3*g - 3*x = -g - s, 5*x = -g + 34. What is the tens digit of g?
3
Let c(n) = n**3 + n - 32. What is the units digit of c(8)?
8
Let p(d) = 55*d**2 - 8*d - 11. Let l be 1 + 2 + -1 + (4 - 8). What is the tens digit of p(l)?
2
Let r be (6 - 4 - -20)*6. Let n = r + -57. What is the tens digit of n?
7
Let u be (-20)/3*(-2 - 1). Suppose -5*m = u + 95. Let y = -3 - m. What is the units digit of y?
0
Suppose i - 3*p = 12, -i + p = -p - 7. Let t = 3 - i. What is the units digit of (24/16)/(t/28)?
7
Let v(j) = -5*j**3 - j**2 - 17*j + 2. What is the tens digit of v(-4)?
7
Suppose 6 = 5*d - 59. Let y(n) = n + 21. Let l be y(-11). Let r = l + d. What is the tens digit of r?
2
Suppose -3*d + 3*s = -5283, -15*s = -13*s + 2. What is the hundreds digit of d?
7
Let a = 188 + 260. What is the units digit of a?
8
Let d = 17 - -1. Let l = d + -14. What is the tens digit of (0 - (1 - l)) + 17?
2
Suppose -57 = 3*k + 36. Let b = k - -34. Suppose 3*h + 27 = 5*w - 36, -b*h - 3 = -w. What is the units digit of w?
5
Suppose -a - 3 = b + 1, -2*a = -b - 7. Suppose 2*w - 3 = a. Suppose 36 = w*p - 24. What is the units digit of p?
0
Let v = -154 + 328. Suppose -2*w + 652 = 3*b, v = b + 3*w - 41. What is the hundreds digit of b?
2
Let z(i) = i**3 + 26*i**2 - 48*i + 66. What is the hundreds digit of z(-22)?
0
Let p = 486 + -77. What is the tens digit of p?
0
Let v = 5434 + -3437. What is the hundreds digit of v?
9
Let h(k) = -k**3 + 3*k + 7. Let c be h(-3). Suppose 0 = -4*y + 201 - c. What is the tens digit of y?
4
Let q(f) = f**2 + 21*f + 23. Let l be q(-20). Suppose -2*j + 26 + 24 = 3*c, 5*j - l*c = 146. What is the units digit of j?
8
Let p(u) = -11*u - 3*u + 2*u + 0*u - 4. Let l be (16/3)/4*-3. What is the tens digit of p(l)?
4
What is the units digit of (-2)/7 - ((-10422)/21 + -2)?
8
Let y(r) = 6*r - 10. Let b(v) = v**3 + 7*v**2 + 6*v + 5. Let j be b(-6). Let h be y(j). Suppose 3*n = 2*n + h. What is the tens digit of n?
2
Let g = 1 + 3. Suppose 5 = g*b - 7. Suppose -b*p = -p - 18. What is the units digit of p?
9
Suppose -40*l - 182 = -3*t - 42*l, 5*t = 3*l + 335. What is the tens digit of t?
6
Suppose 13*l = 49*l - 25380. What is the units digit of l?
5
Suppose x - t = 3, 2*x - 4*t = -2 + 8. Suppose s = -x + 8. Suppose u + 204 = s*u. What is the units digit of u?
1
Let n be (-5 - 1)*27/(-6). Suppose 32 = 2*s - 4*k, -s - 7*k + 10*k + 21 = 0. Let i = s + n. What is the tens digit of i?
3
Suppose -4545*q - 13440 = -4552*q. What is the thousands digit of q?
1
What is the units digit of (-8)/(-6) - ((-12540)/18 + 5)?
3
Let r(d) = -d**3 + 16*d**2 + 4*d - 36. What is the tens digit of r(11)?
1
Let u = 6042 - 3359. What is the thousands digit of u?
2
Let j(f) = 92*f + 8. What is the units digit of j(10)?
8
Let b(h) be the second derivative of h**3/6 + 3*h. Let j(y) = -7*y + 7. Let p(t) = 6*b(t) + j(t). What is the units digit of p(5)?
2
Let w = -13 + 13. Suppose -2*k + 6*k - 12 = w. Suppose y = 21 - k. What is the tens digit of y?
1
Let l be (-12)/(-28) + (-1378)/14. Let c = l + 146. What is the units digit of c?
8
Suppose 42*a = 21313 + 7037. What is the units digit of a?
5
Suppose 10 = -7*n + 9*n. Suppose -v - n*v = -354. What is the units digit of v?
9
Suppose 1286 = 2*z + 2*k, 4*k - 6 = 6. What is the tens digit of z?
4
Let v(c) = -c**3 + 12*c**2 - 12*c - 8. Let l be v(11). Let x = l - -23. What is the units digit of x?
4
What is the units digit of (-9332)/(-24) + 8/48?
9
Let m(s) be the first derivative of 6*s**3 + 6*s**2 + s - 28. What is the tens digit of m(3)?
9
Let t(p) = -3*p**2 + 7*p + 5*p**2 + 7 + 2*p**2. What is the units digit of t(-4)?
3
Let j = -45 - -14. Let o = j - -52. Suppose -3 - o = -3*a. What is the units digit of a?
8
Suppose -5*l = 5*p - 37 - 143, -5*p + 198 = -4*l. What is the tens digit of p?
3
Let y be 3*76/12 - -1. Suppose 16 = 3*n - h, -n + 5*h = 2*n - y. Suppose n*z - 329 = -4*s, -4*z + 2*s + 2*s + 256 = 0. What is the units digit of z?
5
Let x(g) = -g - 1. Suppose 0*y + 2*y - 42 = 0. Suppose 0 = 2*w - 5*w - y. What is the units digit of x(w)?
6
Let n(w) = 9*w**2 - 3*w + 20. What is the hundreds digit of n(4)?
1
Let d(x) be the first derivative of -x**3/3 + 5*x**2 - 6*x - 5. Let y be d(9). Suppose 4*r - 102 = 2*h, 2*r + 2*h = -y*r + 141. What is the tens digit of r?
2
Suppose -68*h + 1270 = -63*h. What is the tens digit of h?
5
Let u = 0 - -4. Suppose 6 = u*g + 34. Let w(q) = -2*q**2 - 16*q + 8. What is the units digit of w(g)?
2
Let b = 457 - 164. What is the hundreds digit of b?
2
Let n = -1606 - -5129. What is the hundreds digit of n?
5
Let j(n) be the first derivative of 4*n**3/3 + 11*n**2 + 25*n + 14. What is the hundreds digit of j(-8)?
1
Let w be (2 - -12) + 4/2. Suppose -4 - 5 = -3*z, 4*z = 4*n. What is the units digit of (-63)/(-14)*w/n?
4
Let u be (-2)/11 - (-2)/11. What is the units digit of -3 - -28 - (2 + u)?
3
Suppose h + 4*j = 74, 3*j + 102 = 3*h - 2*h. What is the units digit of h?
0
Let n(w) = w**3 - 39*w**2 - 86*w + 41. What is the thousands digit of n(43)?
3
Suppose -2*a - 4*t + 29 = -5*a, 2*a = -3*t - 42. Let k = 18 + a. What is the units digit of k?
3
Let w(i) = 2*i - 15. Let s be w(6). What is the tens digit of ((-386)/s)/(10/15)?
9
What is the units digit of (-46578)/(-54) + (-24)/(-54)?
3
Let s = -987 + 